of (-464)/d + 13 + -9?
2
Let m be (2/(-4)*0)/1. Suppose -2*h + 9 - 1 = m. Let x(w) = 13*w + 11. What is the units digit of x(h)?
3
Let i = 1158 + -600. Suppose -3*w - 518 = -4*w + 4*h, 4*h - i = -w. What is the units digit of w?
8
Let a(g) = 4*g + 25. Suppose -2*r - x - 18 = x, 4*x = 3*r - 1. What is the units digit of a(r)?
5
Suppose -p + 176 = -2*y, -4*p + 708 = -3*y - y. Suppose 2*m - 186 = -p. What is the units digit of m?
4
Let u(y) = -5*y**2 + 0*y**2 + 2*y**2 + 4*y**2 - 8*y - 9. Let i be u(9). Suppose i = 3*q + 5*l - 150, 0 = 3*q - 3*l - 0*l - 150. What is the tens digit of q?
5
Suppose l - 3*h - 11349 = -2*l, -2*l - 3*h + 7571 = 0. Suppose 32*m = 43*m - l. What is the hundreds digit of m?
3
Let g(d) = -56*d + 675. What is the thousands digit of g(-37)?
2
Let k(j) = 12*j - 70. Let i be k(6). Suppose 3*r = 3*z + 3543, i*r = 3*z - 4*z + 2353. What is the thousands digit of r?
1
Suppose -385*n + 377*n = -105221 + 35109. What is the hundreds digit of n?
7
Suppose 0 = 10*g - 16 + 1316. Let y = -80 - g. Let v = y - 9. What is the units digit of v?
1
Suppose -6*p + 5*p = -4. Suppose 5*r + 4 = -p*s, -4*r + s + 1 = -2*r. What is the units digit of (r/(-2) - -2)*(-231)/(-6)?
7
Let y(v) = -v**3 - 122*v**2 - 70*v + 1944. What is the tens digit of y(-122)?
8
Suppose 8 = 2*a, 2*q - 138 = a - 5*a. Suppose 0 = 2*n - n + 2*m - 30, 2*n + 3*m = 56. Let t = n + q. What is the tens digit of t?
8
Let w be (1*(-94)/(-1))/1. Let r(g) = -2*g**2 - 14*g - 13. Let t be r(-8). Let c = w + t. What is the units digit of c?
5
Let c(z) = -5*z - 117. Let i be c(-24). Suppose -4*a = x - 8*a - 443, -a = -i*x + 1285. What is the tens digit of x?
2
Suppose -7*f + 223 = -2*f - 3*z, -1 = z. Let t = 681 - f. What is the tens digit of t?
3
Let r = 89 - 87. Let y be 382*r*(-3 + 0)/(-6). Suppose -4*g = 3*i - 422 - 129, 3*g - 4*i - y = 0. What is the tens digit of g?
3
Suppose -2*a = 3*t - 76515, -9*a + 11*a + 51010 = 2*t. Suppose 29*u = 4220 + t. What is the units digit of u?
5
Let h(g) = -633*g + 4063. What is the thousands digit of h(-83)?
6
Let z(t) = -t**3 + 11*t**2 + 15*t + 26. Let c(l) = 2*l**3 - 32*l**2 - 44*l - 78. Let i(f) = 6*c(f) + 17*z(f). What is the tens digit of i(-4)?
5
Let j(u) = 6 - 584*u + 14 + 607*u + 5. Let v be j(-5). What is the units digit of 4/(-8)*v/3?
5
Let w = 12795 + -5198. What is the hundreds digit of w?
5
Let x be (-8)/(-4)*113/(-2). Suppose -3*b - 26 = z + 115, z - 2*b = -116. Let m = x - z. What is the units digit of m?
3
Suppose 6*p = 16*p - 13660. Let i = -904 + p. What is the units digit of i?
2
Let y be (24 + -15)*(2 + 7). Suppose 17 + 7 = -q + 2*u, -u = 5*q + 87. Let f = y + q. What is the tens digit of f?
6
What is the tens digit of 2/(-10) - 4346205/(-525) - (-22)/(-77)?
7
Let m(d) = 9*d**3 + 196*d**2 + 33*d + 9. What is the units digit of m(-21)?
3
What is the units digit of (-2 + 50396/(-8))/(312/(-32) + 9)?
2
Let q(a) = -4*a - 41. Let j be q(-10). Let v be ((-1)/2 - j)/((-1)/(-1048)). Suppose -3*u + 2*n = -v, -5*u - 3*n - 403 + 1308 = 0. What is the tens digit of u?
7
What is the tens digit of 320468/52 - 3/78*-4?
6
Suppose -583*g = -562*g - 1324764. What is the ten thousands digit of g?
6
Let n(q) = 94*q**2 + 46*q - 378. What is the units digit of n(6)?
2
Suppose -13*a = 38*a + 7*a - 1235516. What is the units digit of a?
2
Let c be (-129)/(9/3) + 5 - 5. Let n(t) = t**3 + 44*t**2 + 39*t + 76. What is the tens digit of n(c)?
4
Let a(n) = 10*n**2 - 2*n - 3. Let u be a(-1). Let i = 21 - -8. Let v = i - u. What is the units digit of v?
0
Suppose 0 = -4*j + 8*j. Suppose -2*g - 2*z + 550 = j, 3*g + 4*z = 2*z + 823. What is the hundreds digit of g?
2
Suppose -5*z + 204 + 171 = 0. Suppose 0 = 7*j + z + 72. Let i(w) = -w**3 - 21*w**2 - 16*w - 25. What is the units digit of i(j)?
1
Suppose -12*t - 255365 = -33*t + 10*t. What is the thousands digit of t?
3
Suppose -335 = 5*y + 110. Let s = 97 + y. Suppose -s*p + 1253 = -p. What is the tens digit of p?
7
Let l = -142 - -142. Suppose l = -11*d + 1230 + 2048. What is the units digit of d?
8
Let h = 1186 + -1850. Let f = 948 + h. What is the units digit of f?
4
Suppose 5*j = f + f + 1204, 4*f = -4*j + 952. Let d = 389 - j. What is the tens digit of d?
4
Let n(p) = p + 11. Let h be n(-9). Suppose -h*s = 6*s - 152. Let v = s + 78. What is the units digit of v?
7
Suppose -d = -0*d - 2*x - 618, x = -5*d + 3112. Suppose 3*q + 5*l - 172 = 2*q, -2*l = -4*q + d. Suppose -45 = b - q. What is the units digit of b?
2
What is the thousands digit of 60597 + -44 + (-1)/(1 + -2)?
0
Let j(v) = -335*v + 1779. What is the thousands digit of j(-57)?
0
Suppose 156*y + 396320 = 196*y. What is the hundreds digit of y?
9
Let w be 238/17*1/2. Let q be 12/w*(6 - -1). What is the units digit of (q + -9)*70/3?
0
Suppose -2*p = 3*p - 35. Let i be (84/(-63))/((-5)/45). Suppose 0*k - 3*k + i = 0, v - p = -k. What is the units digit of v?
3
Let y = 5780 - -15077. What is the units digit of y?
7
Let a be (2 + -389 + 7)*(-11)/2. Suppose 7*l - a = -494. What is the hundreds digit of l?
2
Let w be (2 - -3) + 4/1. Let o(r) = 38*r - 2. Let z be o(w). Suppose 5*j + 5*j = z. What is the tens digit of j?
3
What is the units digit of 24/(-3)*(-215304)/64?
3
Let h(b) = 19 + 9*b - 10 + b**2 - 13. Let o be h(-9). Let t = o - -5. What is the units digit of t?
1
Let u(d) = 2*d + 10 - d - 9 + 5. Let f be u(0). Suppose f*c = 3*c + 885. What is the units digit of c?
5
Suppose 11*o + 195 - 1207 = 0. Let z be (2/(-4)*-2 - 77)*-2. Let y = z - o. What is the units digit of y?
0
Suppose -x + 2*a = 0, 0 = -3*x - 4*a + 8*a. Suppose -11*j - 4*j + 3840 = x. What is the units digit of j?
6
Let u = -22421 - -45540. What is the thousands digit of u?
3
Let o = -972 - 1824. Let a be (-3)/8 + o/(-32). Suppose a = z - 85. What is the tens digit of z?
7
Let u(x) = 3*x**3 - 3*x**2 - 7. Let t be u(3). Suppose 5*s - t = 13. Let p = s - -9. What is the tens digit of p?
2
Let q = -665 - -671. Suppose 2*u = 2*p - u + 2, 20 = 5*p + 5*u. Suppose 514 = 4*k + p*a, -k - q*a + 151 = -a. What is the hundreds digit of k?
1
Let i(z) = 27*z + 59. Let s be -1*(1 - 1)*11/(-22). What is the tens digit of i(s)?
5
Let w(g) be the first derivative of 57*g**2/2 + 14*g + 6. Let i(u) = -u**2 - 18*u - 14. Let z be i(-17). What is the hundreds digit of w(z)?
1
Let j(k) = 40*k**3 + 19*k**2 - 6*k + 5. What is the hundreds digit of j(3)?
2
Let y be ((-352)/(-48))/(-1*(-2)/516). Suppose 6*z = 4*p + 11*z - y, 0 = -5*p + 2*z + 2398. What is the units digit of p?
8
Let m(y) = -3*y**3 + y**2 + 3*y + 1128. Let g(h) = -11*h + 55. Let o be g(5). What is the tens digit of m(o)?
2
Let d(p) = -15*p - 36*p - 2*p + 14. What is the units digit of d(-4)?
6
Let w(b) = 36*b**2 - 132*b - 161. Let y(t) = 13*t**2 - 44*t - 54. Let q(x) = 3*w(x) - 8*y(x). What is the units digit of q(19)?
7
Let w = -11 - -15. Suppose q - 5 = -4*d - 13, -w*d - 8 = 3*q. What is the units digit of 48 - (-7 - (-6 - d))?
1
Let h be (-8)/(-3*(-4)/(-1584)). Suppose b + h = 2*d, 5*b + 1589 = 3*d + 6*b. What is the hundreds digit of d?
5
Let q be (9/(-6))/(1/(-2)). Suppose -17*c + q*c = -9254. What is the hundreds digit of c?
6
Let j = -93 + 96. Suppose o + h = 268, -8*o + 1340 = -j*o - 2*h. What is the tens digit of o?
6
Let f(q) = q**3 + 91*q**2 - 81*q + 2306. What is the thousands digit of f(-84)?
8
Suppose 55*m + 215534 = 3897894. What is the hundreds digit of m?
9
What is the hundreds digit of (-344)/(2/9 - (-88)/(-234))?
2
Suppose 0 = 3*r + 3*o + 782 + 364, 2*o = -r - 386. Let c = r + 659. What is the hundreds digit of c?
2
Let t = 421 + -374. Suppose -31*x - 7280 = -t*x. What is the tens digit of x?
5
Suppose -37*m - 3 = -38*m. Let z be m/(-21) - (-228)/28. Suppose 118 = -6*l + z*l. What is the units digit of l?
9
Let b be ((-1)/3)/((-6)/(-252)). Let h(u) = -u**3 - 8*u**2 + 27*u + 1. What is the tens digit of h(b)?
9
Let u = 26002 - 12437. What is the hundreds digit of u?
5
Suppose 18*a + 3*a = 39*a - 402552. What is the units digit of a?
4
Suppose 4*v = -3*n + 2728, 4 = 23*v - 19*v. Let p = n + -566. What is the hundreds digit of p?
3
Let z(y) = y**3 - 35*y**2 - 71*y + 143. What is the hundreds digit of z(38)?
7
Suppose 3*z - 53 = -4*j, -2*z - 35 - 26 = -3*j. Suppose -j*n = 10*n - 5832. What is the hundreds digit of n?
2
Let x = 